{"id":6182,"date":"2012-08-08T15:39:59","date_gmt":"2012-08-08T15:39:59","guid":{"rendered":"https:\/\/www.labrienville.org\/who-we-are-2\/the-labri-story\/"},"modified":"2025-02-28T17:44:23","modified_gmt":"2025-02-28T17:44:23","slug":"the-labri-story","status":"publish","type":"page","link":"https:\/\/www.labrienville.org\/fr\/who-we-are-2\/the-labri-story\/","title":{"rendered":"The L&rsquo;Abri Story"},"content":{"rendered":"<div class=\"wpb-content-wrapper\">[vc_row][vc_column]<div id=\"ultimate-heading-976769f4a7161bc1b\" class=\"uvc-heading ult-adjust-bottom-margin ultimate-heading-976769f4a7161bc1b uvc-7095 \" data-hspacer=\"no_spacer\"  data-halign=\"center\" style=\"text-align:center\"><div class=\"uvc-heading-spacer no_spacer\" style=\"top\"><\/div><div class=\"uvc-main-heading ult-responsive\"  data-ultimate-target='.uvc-heading.ultimate-heading-976769f4a7161bc1b h2'  data-responsive-json-new='{\"font-size\":\"\",\"line-height\":\"\"}' ><h2 style=\"font-weight:normal;\">Notre parcours<\/h2><\/div><\/div>[vc_separator color=\u00a0\u00bbcustom\u00a0\u00bb accent_color=\u00a0\u00bb#edc120&Prime;][vc_column_text css=\u00a0\u00bb\u00a0\u00bb]\r\n<p style=\"margin-bottom: 12.0pt;\"><span lang=\"FR-CA\" style=\"font-family: Montserrat; color: black;\">L\u2019Abri en Ville a \u00e9t\u00e9 fond\u00e9 il y a plus de 20 ans par l\u2019InterChurch Social Service Planning Committee (ICSSPC), un groupe multiconfessionnel d\u2019intervention sociale au centre-ville de Montr\u00e9al.<\/span><\/p>\r\n<p style=\"margin-bottom: 12.0pt;\"><span lang=\"FR-CA\" style=\"font-family: Montserrat; color: black;\">Apr\u00e8s avoir identifi\u00e9 un besoin criant de fournir du logement \u00e0 long terme et de l\u2019appui \u00e0 des personnes aux prises avec des enjeux de sant\u00e9 mentale, le groupe s\u2019est inspir\u00e9 du projet d\u2019habitation C.A.R.E (<i>Create a Rehabilitative Community<\/i>), ax\u00e9 sur des individus capables de vivre de fa\u00e7on autonome gr\u00e2ce \u00e0 l\u2019assistance de b\u00e9n\u00e9voles dans l\u2019Ouest-de-l\u2019\u00cele.<\/span><\/p>\r\n<p style=\"margin-bottom: 12.0pt;\"><span lang=\"FR-CA\" style=\"font-family: Montserrat; color: black;\">Un comit\u00e9 a \u00e9t\u00e9 mis sur pied, cr\u00e9ant ainsi la gen\u00e8se d\u2019un futur Conseil d\u2019administration. Pendant deux ans, les membres ont identifi\u00e9 et consolid\u00e9 des appuis au sein de la communaut\u00e9. Incorpor\u00e9 en 1991, L\u2019Abri en Ville s\u2019est install\u00e9 dans des locaux temporaires, puis a trouv\u00e9 les fonds n\u00e9cessaires pour engager une coordonnatrice \u00e0 temps partiel et \u00e9quiper le bureau.<\/span><\/p>\r\n<p style=\"margin-bottom: 12.0pt;\"><span lang=\"FR-CA\" style=\"font-family: Montserrat; color: black;\">C\u2019est en 1991 qu\u2019a \u00e9t\u00e9 inaugur\u00e9 le premier logement, un nouveau chez-soi pour trois femmes. Neuf autres logements ont suivi, \u00e0 des intervalles d\u2019environ un an. En 2003, avec 10 appartements, 30 r\u00e9sidents et r\u00e9sidentes, plus de 60 b\u00e9n\u00e9voles et 3 coordonnatrices \u00e0 temps plein, une d\u00e9cision fut prise de limiter notre communaut\u00e9 \u00e0 un maximum de 100 personnes et de consacrer nos efforts \u00e0 partager notre mod\u00e8le fort r\u00e9ussi.<\/span><\/p>\r\n[\/vc_column_text][vc_separator][\/vc_column][\/vc_row]<\/div>","protected":false},"excerpt":{"rendered":"[vc_row][vc_column][vc_separator color=\u00a0\u00bbcustom\u00a0\u00bb accent_color=\u00a0\u00bb#edc120&Prime;][vc_column_text css=\u00a0\u00bb\u00a0\u00bb] [&#8230;]","protected":false},"author":1,"featured_media":5601,"parent":6082,"menu_order":1,"comment_status":"closed","ping_status":"closed","template":"","meta":{"_acf_changed":false,"footnotes":""},"class_list":["post-6182","page","type-page","status-publish","has-post-thumbnail","hentry"],"acf":[],"yoast_head":"<!-- This site is optimized with the Yoast SEO plugin v27.4 - https:\/\/yoast.com\/product\/yoast-seo-wordpress\/ -->\n<title>The L&#039;Abri Story - L&#039;Abri en Ville<\/title>\n<meta name=\"robots\" content=\"index, follow, max-snippet:-1, max-image-preview:large, max-video-preview:-1\" \/>\n<link rel=\"canonical\" href=\"https:\/\/www.labrienville.org\/fr\/who-we-are-2\/the-labri-story\/\" \/>\n<meta property=\"og:locale\" content=\"fr_FR\" \/>\n<meta property=\"og:type\" content=\"article\" \/>\n<meta property=\"og:title\" content=\"The L&#039;Abri Story - L&#039;Abri en Ville\" \/>\n<meta property=\"og:description\" content=\"[vc_row][vc_column][vc_separator color=\u00a0\u00bbcustom\u00a0\u00bb accent_color=\u00a0\u00bb#edc120&Prime;][vc_column_text css=\u00a0\u00bb\u00a0\u00bb] [...]\" \/>\n<meta property=\"og:url\" content=\"https:\/\/www.labrienville.org\/fr\/who-we-are-2\/the-labri-story\/\" \/>\n<meta property=\"og:site_name\" content=\"L&#039;Abri en Ville\" \/>\n<meta property=\"article:modified_time\" content=\"2025-02-28T17:44:23+00:00\" \/>\n<meta property=\"og:image\" content=\"https:\/\/www.labrienville.org\/wp-content\/uploads\/2012\/08\/Headerpic-scaled.jpg\" \/>\n\t<meta property=\"og:image:width\" content=\"2560\" \/>\n\t<meta property=\"og:image:height\" content=\"1714\" \/>\n\t<meta property=\"og:image:type\" content=\"image\/jpeg\" \/>\n<meta name=\"twitter:card\" content=\"summary_large_image\" \/>\n<meta name=\"twitter:label1\" content=\"Dur\u00e9e de lecture estim\u00e9e\" \/>\n\t<meta name=\"twitter:data1\" content=\"2 minutes\" \/>\n<script type=\"application\/ld+json\" class=\"yoast-schema-graph\">{\"@context\":\"https:\\\/\\\/schema.org\",\"@graph\":[{\"@type\":\"WebPage\",\"@id\":\"https:\\\/\\\/www.labrienville.org\\\/fr\\\/who-we-are-2\\\/the-labri-story\\\/\",\"url\":\"https:\\\/\\\/www.labrienville.org\\\/fr\\\/who-we-are-2\\\/the-labri-story\\\/\",\"name\":\"The L'Abri Story - L&#039;Abri en Ville\",\"isPartOf\":{\"@id\":\"https:\\\/\\\/www.labrienville.org\\\/fr\\\/#website\"},\"primaryImageOfPage\":{\"@id\":\"https:\\\/\\\/www.labrienville.org\\\/fr\\\/who-we-are-2\\\/the-labri-story\\\/#primaryimage\"},\"image\":{\"@id\":\"https:\\\/\\\/www.labrienville.org\\\/fr\\\/who-we-are-2\\\/the-labri-story\\\/#primaryimage\"},\"thumbnailUrl\":\"https:\\\/\\\/www.labrienville.org\\\/wp-content\\\/uploads\\\/2012\\\/08\\\/Headerpic-scaled.jpg\",\"datePublished\":\"2012-08-08T15:39:59+00:00\",\"dateModified\":\"2025-02-28T17:44:23+00:00\",\"breadcrumb\":{\"@id\":\"https:\\\/\\\/www.labrienville.org\\\/fr\\\/who-we-are-2\\\/the-labri-story\\\/#breadcrumb\"},\"inLanguage\":\"fr-FR\",\"potentialAction\":[{\"@type\":\"ReadAction\",\"target\":[\"https:\\\/\\\/www.labrienville.org\\\/fr\\\/who-we-are-2\\\/the-labri-story\\\/\"]}]},{\"@type\":\"ImageObject\",\"inLanguage\":\"fr-FR\",\"@id\":\"https:\\\/\\\/www.labrienville.org\\\/fr\\\/who-we-are-2\\\/the-labri-story\\\/#primaryimage\",\"url\":\"https:\\\/\\\/www.labrienville.org\\\/wp-content\\\/uploads\\\/2012\\\/08\\\/Headerpic-scaled.jpg\",\"contentUrl\":\"https:\\\/\\\/www.labrienville.org\\\/wp-content\\\/uploads\\\/2012\\\/08\\\/Headerpic-scaled.jpg\",\"width\":2560,\"height\":1714},{\"@type\":\"BreadcrumbList\",\"@id\":\"https:\\\/\\\/www.labrienville.org\\\/fr\\\/who-we-are-2\\\/the-labri-story\\\/#breadcrumb\",\"itemListElement\":[{\"@type\":\"ListItem\",\"position\":1,\"name\":\"Home\",\"item\":\"https:\\\/\\\/www.labrienville.org\\\/fr\\\/\"},{\"@type\":\"ListItem\",\"position\":2,\"name\":\"The L&rsquo;Abri Story\"}]},{\"@type\":\"WebSite\",\"@id\":\"https:\\\/\\\/www.labrienville.org\\\/fr\\\/#website\",\"url\":\"https:\\\/\\\/www.labrienville.org\\\/fr\\\/\",\"name\":\"L&#039;Abri en Ville\",\"description\":\"\",\"potentialAction\":[{\"@type\":\"SearchAction\",\"target\":{\"@type\":\"EntryPoint\",\"urlTemplate\":\"https:\\\/\\\/www.labrienville.org\\\/fr\\\/?s={search_term_string}\"},\"query-input\":{\"@type\":\"PropertyValueSpecification\",\"valueRequired\":true,\"valueName\":\"search_term_string\"}}],\"inLanguage\":\"fr-FR\"}]}<\/script>\n<!-- \/ Yoast SEO plugin. -->","yoast_head_json":{"title":"The L'Abri Story - L&#039;Abri en Ville","robots":{"index":"index","follow":"follow","max-snippet":"max-snippet:-1","max-image-preview":"max-image-preview:large","max-video-preview":"max-video-preview:-1"},"canonical":"https:\/\/www.labrienville.org\/fr\/who-we-are-2\/the-labri-story\/","og_locale":"fr_FR","og_type":"article","og_title":"The L'Abri Story - L&#039;Abri en Ville","og_description":"[vc_row][vc_column][vc_separator color=\u00a0\u00bbcustom\u00a0\u00bb accent_color=\u00a0\u00bb#edc120&Prime;][vc_column_text css=\u00a0\u00bb\u00a0\u00bb] [...]","og_url":"https:\/\/www.labrienville.org\/fr\/who-we-are-2\/the-labri-story\/","og_site_name":"L&#039;Abri en Ville","article_modified_time":"2025-02-28T17:44:23+00:00","og_image":[{"width":2560,"height":1714,"url":"https:\/\/www.labrienville.org\/wp-content\/uploads\/2012\/08\/Headerpic-scaled.jpg","type":"image\/jpeg"}],"twitter_card":"summary_large_image","twitter_misc":{"Dur\u00e9e de lecture estim\u00e9e":"2 minutes"},"schema":{"@context":"https:\/\/schema.org","@graph":[{"@type":"WebPage","@id":"https:\/\/www.labrienville.org\/fr\/who-we-are-2\/the-labri-story\/","url":"https:\/\/www.labrienville.org\/fr\/who-we-are-2\/the-labri-story\/","name":"The L'Abri Story - L&#039;Abri en Ville","isPartOf":{"@id":"https:\/\/www.labrienville.org\/fr\/#website"},"primaryImageOfPage":{"@id":"https:\/\/www.labrienville.org\/fr\/who-we-are-2\/the-labri-story\/#primaryimage"},"image":{"@id":"https:\/\/www.labrienville.org\/fr\/who-we-are-2\/the-labri-story\/#primaryimage"},"thumbnailUrl":"https:\/\/www.labrienville.org\/wp-content\/uploads\/2012\/08\/Headerpic-scaled.jpg","datePublished":"2012-08-08T15:39:59+00:00","dateModified":"2025-02-28T17:44:23+00:00","breadcrumb":{"@id":"https:\/\/www.labrienville.org\/fr\/who-we-are-2\/the-labri-story\/#breadcrumb"},"inLanguage":"fr-FR","potentialAction":[{"@type":"ReadAction","target":["https:\/\/www.labrienville.org\/fr\/who-we-are-2\/the-labri-story\/"]}]},{"@type":"ImageObject","inLanguage":"fr-FR","@id":"https:\/\/www.labrienville.org\/fr\/who-we-are-2\/the-labri-story\/#primaryimage","url":"https:\/\/www.labrienville.org\/wp-content\/uploads\/2012\/08\/Headerpic-scaled.jpg","contentUrl":"https:\/\/www.labrienville.org\/wp-content\/uploads\/2012\/08\/Headerpic-scaled.jpg","width":2560,"height":1714},{"@type":"BreadcrumbList","@id":"https:\/\/www.labrienville.org\/fr\/who-we-are-2\/the-labri-story\/#breadcrumb","itemListElement":[{"@type":"ListItem","position":1,"name":"Home","item":"https:\/\/www.labrienville.org\/fr\/"},{"@type":"ListItem","position":2,"name":"The L&rsquo;Abri Story"}]},{"@type":"WebSite","@id":"https:\/\/www.labrienville.org\/fr\/#website","url":"https:\/\/www.labrienville.org\/fr\/","name":"L&#039;Abri en Ville","description":"","potentialAction":[{"@type":"SearchAction","target":{"@type":"EntryPoint","urlTemplate":"https:\/\/www.labrienville.org\/fr\/?s={search_term_string}"},"query-input":{"@type":"PropertyValueSpecification","valueRequired":true,"valueName":"search_term_string"}}],"inLanguage":"fr-FR"}]}},"_links":{"self":[{"href":"https:\/\/www.labrienville.org\/fr\/wp-json\/wp\/v2\/pages\/6182","targetHints":{"allow":["GET"]}}],"collection":[{"href":"https:\/\/www.labrienville.org\/fr\/wp-json\/wp\/v2\/pages"}],"about":[{"href":"https:\/\/www.labrienville.org\/fr\/wp-json\/wp\/v2\/types\/page"}],"author":[{"embeddable":true,"href":"https:\/\/www.labrienville.org\/fr\/wp-json\/wp\/v2\/users\/1"}],"replies":[{"embeddable":true,"href":"https:\/\/www.labrienville.org\/fr\/wp-json\/wp\/v2\/comments?post=6182"}],"version-history":[{"count":0,"href":"https:\/\/www.labrienville.org\/fr\/wp-json\/wp\/v2\/pages\/6182\/revisions"}],"up":[{"embeddable":true,"href":"https:\/\/www.labrienville.org\/fr\/wp-json\/wp\/v2\/pages\/6082"}],"wp:featuredmedia":[{"embeddable":true,"href":"https:\/\/www.labrienville.org\/fr\/wp-json\/wp\/v2\/media\/5601"}],"wp:attachment":[{"href":"https:\/\/www.labrienville.org\/fr\/wp-json\/wp\/v2\/media?parent=6182"}],"curies":[{"name":"wp","href":"https:\/\/api.w.org\/{rel}","templated":true}]}}

<div class="wpb-content-wrapper">[vc_row][vc_column]<div id="ultimate-heading-976769f4a7161bc1b" class="uvc-heading ult-adjust-bottom-margin ultimate-heading-976769f4a7161bc1b uvc-7095 " data-hspacer="no_spacer"  data-halign="center" style="text-align:center"><div class="uvc-heading-spacer no_spacer" style="top"></div><div class="uvc-main-heading ult-responsive"  data-ultimate-target='.uvc-heading.ultimate-heading-976769f4a7161bc1b h2'  data-responsive-json-new='{"font-size":"","line-height":""}' ><h2 style="font-weight:normal;">Notre parcours</h2></div></div>[vc_separator color= »custom » accent_color= »#edc120&Prime;][vc_column_text css= » »]
<p style="margin-bottom: 12.0pt;"><span lang="FR-CA" style="font-family: Montserrat; color: black;">L’Abri en Ville a été fondé il y a plus de 20 ans par l’InterChurch Social Service Planning Committee (ICSSPC), un groupe multiconfessionnel d’intervention sociale au centre-ville de Montréal.</span></p>
<p style="margin-bottom: 12.0pt;"><span lang="FR-CA" style="font-family: Montserrat; color: black;">Après avoir identifié un besoin criant de fournir du logement à long terme et de l’appui à des personnes aux prises avec des enjeux de santé mentale, le groupe s’est inspiré du projet d’habitation C.A.R.E (<i>Create a Rehabilitative Community</i>), axé sur des individus capables de vivre de façon autonome grâce à l’assistance de bénévoles dans l’Ouest-de-l’Île.</span></p>
<p style="margin-bottom: 12.0pt;"><span lang="FR-CA" style="font-family: Montserrat; color: black;">Un comité a été mis sur pied, créant ainsi la genèse d’un futur Conseil d’administration. Pendant deux ans, les membres ont identifié et consolidé des appuis au sein de la communauté. Incorporé en 1991, L’Abri en Ville s’est installé dans des locaux temporaires, puis a trouvé les fonds nécessaires pour engager une coordonnatrice à temps partiel et équiper le bureau.</span></p>
<p style="margin-bottom: 12.0pt;"><span lang="FR-CA" style="font-family: Montserrat; color: black;">C’est en 1991 qu’a été inauguré le premier logement, un nouveau chez-soi pour trois femmes. Neuf autres logements ont suivi, à des intervalles d’environ un an. En 2003, avec 10 appartements, 30 résidents et résidentes, plus de 60 bénévoles et 3 coordonnatrices à temps plein, une décision fut prise de limiter notre communauté à un maximum de 100 personnes et de consacrer nos efforts à partager notre modèle fort réussi.</span></p>
[/vc_column_text][vc_separator][/vc_column][/vc_row]</div>

<!-- This site is optimized with the Yoast SEO plugin v27.4 - https://yoast.com/product/yoast-seo-wordpress/ -->
<title>The L&#039;Abri Story - L&#039;Abri en Ville</title>
<meta name="robots" content="index, follow, max-snippet:-1, max-image-preview:large, max-video-preview:-1" />
<link rel="canonical" href="https://www.labrienville.org/fr/who-we-are-2/the-labri-story/" />
<meta property="og:locale" content="fr_FR" />
<meta property="og:type" content="article" />
<meta property="og:title" content="The L&#039;Abri Story - L&#039;Abri en Ville" />
<meta property="og:description" content="[vc_row][vc_column][vc_separator color= »custom » accent_color= »#edc120&Prime;][vc_column_text css= » »] [...]" />
<meta property="og:url" content="https://www.labrienville.org/fr/who-we-are-2/the-labri-story/" />
<meta property="og:site_name" content="L&#039;Abri en Ville" />
<meta property="article:modified_time" content="2025-02-28T17:44:23+00:00" />
<meta property="og:image" content="https://www.labrienville.org/wp-content/uploads/2012/08/Headerpic-scaled.jpg" />
	<meta property="og:image:width" content="2560" />
	<meta property="og:image:height" content="1714" />
	<meta property="og:image:type" content="image/jpeg" />
<meta name="twitter:card" content="summary_large_image" />
<meta name="twitter:label1" content="Durée de lecture estimée" />
	<meta name="twitter:data1" content="2 minutes" />
<script type="application/ld+json" class="yoast-schema-graph">{"@context":"https:\/\/schema.org","@graph":[{"@type":"WebPage","@id":"https:\/\/www.labrienville.org\/fr\/who-we-are-2\/the-labri-story\/","url":"https:\/\/www.labrienville.org\/fr\/who-we-are-2\/the-labri-story\/","name":"The L'Abri Story - L&#039;Abri en Ville","isPartOf":{"@id":"https:\/\/www.labrienville.org\/fr\/#website"},"primaryImageOfPage":{"@id":"https:\/\/www.labrienville.org\/fr\/who-we-are-2\/the-labri-story\/#primaryimage"},"image":{"@id":"https:\/\/www.labrienville.org\/fr\/who-we-are-2\/the-labri-story\/#primaryimage"},"thumbnailUrl":"https:\/\/www.labrienville.org\/wp-content\/uploads\/2012\/08\/Headerpic-scaled.jpg","datePublished":"2012-08-08T15:39:59+00:00","dateModified":"2025-02-28T17:44:23+00:00","breadcrumb":{"@id":"https:\/\/www.labrienville.org\/fr\/who-we-are-2\/the-labri-story\/#breadcrumb"},"inLanguage":"fr-FR","potentialAction":[{"@type":"ReadAction","target":["https:\/\/www.labrienville.org\/fr\/who-we-are-2\/the-labri-story\/"]}]},{"@type":"ImageObject","inLanguage":"fr-FR","@id":"https:\/\/www.labrienville.org\/fr\/who-we-are-2\/the-labri-story\/#primaryimage","url":"https:\/\/www.labrienville.org\/wp-content\/uploads\/2012\/08\/Headerpic-scaled.jpg","contentUrl":"https:\/\/www.labrienville.org\/wp-content\/uploads\/2012\/08\/Headerpic-scaled.jpg","width":2560,"height":1714},{"@type":"BreadcrumbList","@id":"https:\/\/www.labrienville.org\/fr\/who-we-are-2\/the-labri-story\/#breadcrumb","itemListElement":[{"@type":"ListItem","position":1,"name":"Home","item":"https:\/\/www.labrienville.org\/fr\/"},{"@type":"ListItem","position":2,"name":"The L&rsquo;Abri Story"}]},{"@type":"WebSite","@id":"https:\/\/www.labrienville.org\/fr\/#website","url":"https:\/\/www.labrienville.org\/fr\/","name":"L&#039;Abri en Ville","description":"","potentialAction":[{"@type":"SearchAction","target":{"@type":"EntryPoint","urlTemplate":"https:\/\/www.labrienville.org\/fr\/?s={search_term_string}"},"query-input":{"@type":"PropertyValueSpecification","valueRequired":true,"valueName":"search_term_string"}}],"inLanguage":"fr-FR"}]}</script>
<!-- / Yoast SEO plugin. -->
